at is the millions digit of 11854988?
1
What is the ten thousands digit of 21465296?
6
What is the tens digit of 8281173?
7
What is the tens digit of 666252?
5
What is the hundred thousands digit of 20333463?
3
What is the ten thousands digit of 5388932?
8
What is the tens digit of 124111?
1
What is the tens digit of 11776790?
9
What is the millions digit of 10412950?
0
What is the units digit of 7430034?
4
What is the thousands digit of 13281332?
1
What is the units digit of 419391?
1
What is the tens digit of 2369273?
7
What is the tens digit of 939819?
1
What is the hundreds digit of 5586804?
8
What is the hundreds digit of 4760756?
7
What is the hundreds digit of 3754910?
9
What is the thousands digit of 190507?
0
What is the thousands digit of 5565860?
5
What is the thousands digit of 748590?
8
What is the tens digit of 792455?
5
What is the hundred thousands digit of 6024904?
0
What is the ten thousands digit of 3914435?
1
What is the ten thousands digit of 3391911?
9
What is the ten thousands digit of 297706?
9
What is the hundred thousands digit of 622631?
6
What is the hundreds digit of 308940?
9
What is the hundreds digit of 475170?
1
What is the units digit of 234307?
7
What is the hundreds digit of 17703054?
0
What is the tens digit of 216324?
2
What is the thousands digit of 31060?
1
What is the hundreds digit of 329297?
2
What is the tens digit of 38001?
0
What is the tens digit of 351422?
2
What is the millions digit of 1639263?
1
What is the tens digit of 214217?
1
What is the ten thousands digit of 37888383?
8
What is the units digit of 256569?
9
What is the ten thousands digit of 4121601?
2
What is the hundreds digit of 307972?
9
What is the hundred thousands digit of 424063?
4
What is the hundred thousands digit of 207454?
2
What is the millions digit of 4308825?
4
What is the hundred thousands digit of 7553895?
5
What is the hundred thousands digit of 7669656?
6
What is the thousands digit of 343397?
3
What is the hundreds digit of 3670619?
6
What is the tens digit of 17982381?
8
What is the hundred thousands digit of 978399?
9
What is the hundreds digit of 47837?
8
What is the units digit of 22947819?
9
What is the hundreds digit of 296696?
6
What is the hundred thousands digit of 256075?
2
What is the hundreds digit of 1138490?
4
What is the units digit of 107571?
1
What is the thousands digit of 36811?
6
What is the hundreds digit of 4532370?
3
What is the hundred thousands digit of 4145370?
1
What is the hundreds digit of 4165013?
0
What is the ten millions digit of 23039243?
2
What is the ten thousands digit of 1560662?
6
What is the thousands digit of 662044?
2
What is the tens digit of 2567970?
7
What is the hundreds digit of 385057?
0
What is the hundreds digit of 94590?
5
What is the hundred thousands digit of 1109930?
1
What is the thousands digit of 292891?
2
What is the hundred thousands digit of 104783?
1
What is the thousands digit of 453148?
3
What is the hundred thousands digit of 556386?
5
What is the thousands digit of 147291?
7
What is the millions digit of 13915654?
3
What is the units digit of 2732964?
4
What is the units digit of 884286?
6
What is the units digit of 3619871?
1
What is the tens digit of 1298981?
8
What is the tens digit of 1019509?
0
What is the hundreds digit of 9024232?
2
What is the hundred thousands digit of 223911?
2
What is the ten thousands digit of 986778?
8
What is the ten thousands digit of 10803443?
0
What is the thousands digit of 1024440?
4
What is the ten thousands digit of 90881?
9
What is the hundred thousands digit of 147326?
1
What is the ten thousands digit of 1998818?
9
What is the hundreds digit of 1226938?
9
What is the millions digit of 1936416?
1
What is the ten thousands digit of 3519227?
1
What is the hundred thousands digit of 307596?
3
What is the millions digit of 5609549?
5
What is the ten thousands digit of 607538?
0
What is the hundreds digit of 352926?
9
What is the units digit of 1214645?
5
What is the ten thousands digit of 7382035?
8
What is the hundreds digit of 4954306?
3
What is the millions digit of 30478996?
0
What is the units digit of 123446?
6
What is the hundred thousands digit of 2057199?
0
What is the tens digit of 375589?
8
What is the hundreds digit of 822081?
0
What is the hundred thousands digit of 2725971?
7
What is the tens digit of 421058?
5
What is the thousands digit of 18197700?
7
What is the millions digit of 22520407?
2
What is the units digit of 216305?
5
What is the ten millions digit of 19681681?
1
What is the units digit of 3564297?
7
What is the hundreds digit of 321802?
8
What is the hundred thousands digit of 368344?
3
What is the hundreds digit of 360591?
5
What is the units digit of 908314?
4
What is the tens digit of 12749372?
7
What is the units digit of 10858?
8
What is the hundred thousands digit of 23219139?
2
What is the units digit of 25214?
4
What is the hundred thousands digit of 115977?
1
What is the tens digit of 8468430?
3
What is the hundred thousands digit of 17025999?
0
What is the hundred thousands digit of 348068?
3
What is the thousands digit of 851304?
1
What is the tens digit of 1376788?
8
What is the hundred thousands digit of 2903113?
9
What is the ten thousands digit of 1099055?
9
What is the hundred thousands digit of 5564427?
5
What is the hundreds digit of 9374821?
8
What is the units digit of 99573?
3
What is the tens digit of 443648?
4
What is the tens digit of 196618?
1
What is the millions digit of 2943790?
2
What is the ten thousands digit of 914108?
1
What is the units digit of 186958?
8
What is the hundred thousands digit of 513708?
5
What is the tens digit of 2820477?
7
What is the thousands digit of 1555599?
5
What is the units digit of 4059784?
4
What is the millions digit of 30878766?
0
What is the thousands digit of 6000451?
0
What is the hundred thousands digit of 12712929?
7
What is the ten thousands digit of 17645921?
4
What is the hundred thousands digit of 1129080?
1
What is the units digit of 839044?
4
What is the millions digit of 6087002?
6
What is the thousands digit of 1316706?
6
What is the hundred thousands digit of 1159705?
1
What is the hundred thousands digit of 2144954?
1
What is the tens digit of 105939?
3
What is the hundred thousands digit of 15345936?
3
What is the units digit of 245361?
1
What is the hundred thousands digit of 2019658?
0
What is the hundreds digit of 515486?
4
What is the thousands digit of 22928920?
8
What is the hundred thousands digit of 1241434?
2
What is the units digit of 933272?
2
What is the hundreds digit of 305274?
2
What is the units digit of 9344110?
0
What is the hundreds digit of 241235?
2
What is the units digit of 1185466?
6
What is the millions digit of 3325239?
3
What is the ten thousands digit of 4951947?
5
What is the units digit of 46571?
1
What is the tens digit of 92211?
1
What is the ten thousands digit of 189447?
8
What is the units digit of 3478205?
5
What is the ten thousands digit of 17354106?
5
What is the tens digit of 535620?
2
What is the hundreds digit of 1645657?
6
What is the thousands digit of 504264?
4
What is the ten thousands digit of 2319882?
1
What is the ten thousands digit of 143641?
4
What is the thousands digit of 3245222?
5
What is the ten thousands digit of 12529?
1
What is the millions digit of 2928190?
2
What is the ten thousands digit of 39179834?
7
What is the tens digit of 5771019?
1
What is the thousands digit of 181026?
1
What is the thousands digit of 13007987?
7
What is the ten millions digit of 19904700?
1
What is the hundred thousands digit of 1280512?
2
What is the millions digit of 1935080?
1
What is the millions digit of 7099478?
7
What is the tens digit of 117370?
7
What is the tens digit of 64378?
7
What is the hundreds digit of 72083?
0
What is the ten thousands digit of 52396?
5
What is the hundred thousands digit of 1111534?
1
What is the tens digit of 537630?
3
What is the ten thousands digit of 506635?
0
What is the units digit of 3398164?
4
What is the tens digit of 697184?
8
What is the units digit of 12613669?
9
What is the units digit of 491154?
4
What is the thousands digit of 5224888?
4
What is the units digit of 11855135?
5
What is the ten thousands digit of 123279?
